- -9))?
7
Evaluate -2 - (11 + -17 + (-3 - -7 - 9)).
9
What is (2 - -10 - (-20 - -29)) + -7?
-4
Calculate 3 + 0 + (23 - 11 - 19).
-4
What is (-1 + 8 - (12 - -6)) + -13?
-24
Evaluate 53 - 24 - 32 - (13 + -4).
-12
Calculate (39 - 32) + -4 + 2.
5
Calculate -1 + -8 + (-4 - (-7 + -3)).
-3
Evaluate -14 - (-11 + 7) - -15.
5
What is the value of -3 - -2 - (5 - (7 - 8 - -10))?
3
Calculate -8 + 17 + 10 - 2.
17
-3 + 3 + 9 + -19 + 6 + -1
-5
What is -3 + -24 + 73 - 25?
21
What is the value of 9 + (-4 - (7 + 1 + -1))?
-2
(0 - -5) + -7 - (-2 + 2)
-2
Evaluate -6 + (-5 - -8) + -8 + -4.
-15
What is the value of 25 - (-9 - (-34 + 2))?
2
Calculate (4 - ((1 - 1) + -8 + 3)) + 5.
14
Evaluate -5 + 8 + -13 + 14.
4
What is (9 + -4 + 7 - 10) + (1 - 3)?
0
1 + 5 - (-673 - -685)
-6
What is the value of -1 - (-20 + 2) - (-488 - -528)?
-23
What is the value of -44 - -2 - (27 + -46)?
-23
-179 + 180 - (-1 + 16 - (1 + 1))
-12
What is the value of -16 + (13 - 13) + -3 + 3?
-16
Evaluate 10 + -11 - ((35 - 20) + 0 + 0).
-16
-9 + -25 + (14 - -24)
4
Calculate 5 - (14 + -1 + -2) - 7.
-13
What is -7 - (22 + 0 + -13 + 13 + -10)?
-19
-18 - -16 - ((-2 - 1) + -5) - 14
-8
-4 + -2 - (-10 + 0 + 13 - -7)
-16
What is 8 + -6 + -4 + 8?
6
Evaluate -2 + (37 - 33) + (0 - -7).
9
Evaluate (-1 - (-5 + 3)) + (16 - 13) + -7.
-3
What is the value of 5 - -15 - 16 - (5 - -1)?
-2
What is the value of -23 + -5 + 4 + 13?
-11
What is -33 - (-49 - -23) - (-4 + 0) - -23?
20
3 + -8 - (-10 - 9)
14
What is -3 + (2 - -1) + (10 - 18)?
-8
Evaluate (30 - (16 + 13)) + (-10 - 1).
-10
What is -10 + (10 - 1) - (7 - -4)?
-12
What is (-1 - 0) + (-39 - (-71 - -25))?
6
Calculate -15 + (9 - -10) - (-2 - (0 + -3)).
3
Calculate -1 + 34 - (-48 - -71).
10
Evaluate 2 + -20 + 9 + -2.
-11
4 + (-10 + 20 - (0 - -8))
6
Evaluate 7 - (11 - -5) - -10.
1
What is (-14 - (-4 + (-15 - -32))) + -6 + 0?
-33
Calculate (3 - (9 + -5)) + 2 + 0 + -14.
-13
Evaluate -2 - 0 - 0 - ((-3 - -10) + -1).
-8
Evaluate (11 + 6 - 4) + (-6 - -5) + 1.
13
What is the value of -22 - (237 - 243 - ((1 - 0) + -7))?
-22
What is the value of 13 - ((-16 - -11) + -10) - (3 + -3)?
28
1 + -4 + (-1 - (10 + (-16 - -7)))
-5
Evaluate (1 + 0 - (-5 - -2)) + -20 + 12.
-4
16 + -9 + -9 + 20
18
Evaluate (-4 - -13) + (1 - 6 - -6).
10
What is the value of 1 + 3 + 1 + (30 - -2) + -32?
5
Calculate -5 + (18 - 20 - (0 + -3 + -4)).
0
Evaluate -2 + 11 + -7 + (0 + 8 - 9).
1
What is the value of (12 + -6 - -17) + 1 - (2 - 6)?
28
Evaluate -52 - -58 - (-5 + -4).
15
What is -46 - -49 - (0 - 11)?
14
Evaluate (-289 - -275) + -1 + -4 + 1 + -1.
-19
What is (10 - -4) + -16 + 14?
12
What is 1 + -15 + (28 - 2) - 33?
-21
What is the value of 5 + -10 + -25 - -16?
-14
What is -1 + 17 - (3 + (4 - (-2 - -6)))?
13
What is -8 + (-5 - -2) - (-82 - -82)?
-11
What is the value of -2 - ((1 - -3) + -17)?
11
Calculate -2 + -8 + 6 + -5.
-9
1 + -39 + 31 + -1
-8
What is -6 + -1 - (28 + -12 + -4 + 3)?
-22
9 - (8 - -9) - -4
-4
What is -5 + (1 - 4 - (4 + -6))?
-6
-16 + -1 - (-20 - 2) - (-15 - -1)
19
What is the value of 1 + -2 - -6 - (1 - (-20 + 13))?
-3
What is the value of -9067 - -9098 - (-1 + 3 + (2 - -2))?
25
What is (2 - 4) + (0 - (-4 - -4)) + 0?
-2
(-43 - -49) + -17 + 5
-6
What is 2 + -2 + 7 + 0 + (0 - -1)?
8
Evaluate -1 + -14 - (59 - 69) - 6.
-11
What is (-11 - -6) + -5 + (3 - 7 - -7)?
-7
Calculate -3 - ((0 - 6) + 2).
1
Calculate 17 + (-6 - -12) - 10 - (-1 + -7).
21
What is the value of -35 - -31 - (6 + -9)?
-1
What is the value of 10 + -1 - (7 + 1 + -11)?
12
Calculate -1 - (-1 - -3) - (-52 + 49).
0
What is 21 - (19 + 4 + -16)?
14
Calculate 3 + 13 + 12 + -15 - 3.
10
(-4 - 10) + 1 + (-3 - -3)
-13
Evaluate 1 + 3 + (-10 - (-11 - -19)) - -7.
-7
10 + (-22 + -11 - (-10 + -1)) + 0
-12
What is 3 + (-11 - ((-5 - -7) + -1 + 1))?
-10
What is 3 + -8 + (62 - 30) + -11 + 1?
17
-6 - 2 - (-10 + -3 - -4)
1
What is the value of -26 - ((-44 - -33) + 13)?
-28
What is the value of 6 + (4 + 0 + -2 - (0 - 19))?
27
What is the value of 34 + -37 + (-1 - 4 - 2) + 2?
-8
(9 - 10) + (-3 - 1) - -3
-2
Calculate -1 + (-7 - -2) + 2.
-4
What is (-3 + -7 - (3 + (8 - 4))) + 9?
-8
Evaluate -2 + -8 - (-12 - (8 - 0)).
10
What is the value of (-1 - (15 + -15)) + 14?
13
What is 0 + -2 + 13 + -27 + 26?
10
What is the value of 29 + -14 + -29 + -13?
-27
-9 + (-3 - -7) + 2 - (1 - -5)
-9
What is 11 - (-18 + 35) - (2 + 0)?
-8
Evaluate 123 + -116 - (-1 - -26).
-18
-22 + (-5 - (2 - 15) - 2 - 3)
-19
What is (-177 - -192) + -11 + 5 + (1 - -2)?
12
Calculate 12 + (-1 + 0 - 2) + (-13 - -15).
11
What is 12 + (-30 - -15) + 10?
7
Evaluate -4 + (-2 - (-2 - -5 - 2)) + -5.
-12
Calculate (7 - 5) + (1 - (2 + 4)).
-3
-20 - (-9 - -2 - 6)
-7
17 - (9 + 2) - (-1 + (1 - -1))
5
Evaluate -19 - (-22 - (5 - 16)).
-8
Evaluate (2 - 3) + 13 + (-5 + 1 - -2).
10
What is (-4 - -8) + (11 - 19) - 5?
-9
Evaluate -4 + (5 - (-13 - -15)).
-1
Evaluate 8 + (8 - -6 - 17).
5
Calculate 22 - 4 - (-31 - -38).
11
Calculate 3 + -2 + 53 + -72.
-18
What is 6 + 2 + -1 + (3 - 11)?
-1
-5 - (22 - (21 + 4))
-2
Evaluate -14 - (-23 + 4 + -5 + 13).
-3
What is 5 + -9 + (9 - -6) + -2 + -19?
-10
Calculate (-11 - (-5 + 5)) + (10 - -7).
6
Calculate -2 + -11 + (3 - 2) - (-62 - -68).
-18
Calculate -9 - (-1 + -5 - (76 - 65)).
8
Evaluate (42 - (21 - -1)) + 12 + (-6 - -1).
27
What is -4 + (-8 - -6 - -4) - -5?
3
Evaluate 10 + -19 + -7 - -13.
-3
Calculate -4 - (6 - ((2 - -1) + 4) - 18).
15
-35 + 30 - (-6 + 22)
-21
What is 5 + (9 - 13) - -3?
4
What is the value of (-9 - -37) + -6 - (-33 - -21)?
34
Calculate 7 - (8 + -11 + 9 - 3).
4
What is the value of 1 - (4 - 5) - -1 - -8?
11
Calculate -20 + -12 + 35 + (1 - 1 - 11).
-8
Calculate 15 - ((-3 + 15 - 25) + 15).
13
What is the value of -2 - -11 - (28 + (-10 - 0) - 14)?
5
What is 13 - 10 - ((5 - 1) + -4 - 6)?
9
-3 + -20 + (-89 - -124)
12
Evaluate (14 - -14 - 48) + -2.
-22
What is 7 + -7 + (7 - 9) - 1?
-3
What is -63 - -47 - (3 + -11 + -5)?
-3
(6 - (17 + -18)) + -15 + 1
-7
Calculate (-2 - (-13 + 36)) + -1 + (0 - 2).
-28
What is the value of 4 + (2 - ((1 - 7) + 8)) + 1?
5
0 + 4 + -4 - (8 + 1 - 6)
-3
What is the value of (-2 - 39) + 21 + 9?
-11
Evaluate (5 - (-3 - 13)) + -25.
-4
Evaluate -10 + (40 - 14 - 16) + 2 + -1.
1
What is the value of -25 + (23 - -4 - -20)?
22
What is the value of -5 + (-6 - 0 - (49 - 67))?
7
3 + -41 - (53 - 109)
18
(14 - 3 - -3) + (106 - 91)
29
-4 + -6 + (4 + -2 - 11 - -6)
-13
-10 + -7 - (-51 + 23)
11
What is the value of (-8 + 11 + 8 - -3) + (2 - -1)?
17
What is -23 + -15 + 18 + 39?
19
-2 + (5 - 3 - (1 - -5)) - 8
-14
What is the value of (-56 + 57 - (0 + -14)) + 0?
15
Calculate 6 + -9 + (4 - 0) + (-6 - -11).
6
What is the value of -11 - ((10 - 0) + (58 - 84))?
5
Evaluate (-1 + 1 - (-19 - 1 - -19)) + 16.
17
What is the value of -12 + 0 + (-25 + -1 - -33)?
-5
Evaluate (1 + -1 - 9) + 52 + -57 + 33.
19
Calculate -37 + 35 - (5 - 3).
-4
What is 4 + -18 - (-34 + 23)?
-3
2 + 2 - 5 - -3 - (22 - 29)
9
5 - ((-4 - -6) + 1 + (11 - -7))
-16
-24 + 15 - (46 + -45)
-10
-9 + (-29 - -71) - 62
-29
What is 11 + -11 - -12 - 18 - (-5 - -1)?
-2
Evaluate -18 - ((3 - -10) + -16 + 8).
-23
What is 29 - (-2 + -11 - (3 - 23))?
22
What is the value of 0 + (7 + 0 - (14 + 4 + -10))?
-1
What is -14 + (4 - -15 - 37) + 6?
-26
14 + (-8 - 15) + 22
13
-4 - (-4 - 5 - (9 + 25))
39
What is (-1 - 14) + (284 - 288)?
-19
What is 10 + (-9 - (20 + -20))?
1
Calculate (-102 - -79) + 5 + 0.
-18
Evaluate -19 - (4 + 4 + -13).
-14
Evaluate 11 - ((22 - 13) + -5).
7
What is the value of -3 - 8 - (-6 + 14 + -5 - 49)?
35
What is the value of -223 + 227 - ((0 - -18) + (-4 - -2))?
-12
Calculate -76 + -49 + 128 + -26 + 1 + -1.
-23
Calculate -224 - -217 - (1 + -28).
20
What is the value of 0 - -11 - (-11 - -26 - 8 - -3)?
1
What is the value of (-2462 - -2488) + (1 - 3 - 8 - -2)?
18
(28 - 6) + -24 - 16
-18
What is the value of 6 + (-13 - -3) + 14?
10
58 + -68 + (0 - -15 - 1)
4
What is the value of (-15 - -4 - -7) + -2 + -2?
-8
What is the value of 41 - ((1 - (-4 - 2)) + 7)?
27
Calculate 9 + -29 - -12 - (0 + -26 + -3).
21
17 - (14 + -17) - 9
11
Calculate 12 + 13 + -15 + -13 - (2 + -1).
-4
10 + 6 - (34 - 3)
-15
What is -11 - (12 + -1 + -19 + 9 + -6)?
-6
What is 1 - 1 - (-5 - -2) - 11?
-8
Evaluate -1 + (7 + (1 - 1 - 3) - -6).
9
Evaluate 0 + (1 - 12) + -5.
-16
What is the value of -9 - (-10 + 12 + 8 + -5)?
-14
0 + 32 + -29 + 